 units digit of (-10206)/(-105) - h/(-5)?
7
Let z = -63527 + 94250. What is the hundreds digit of z?
7
Suppose 66252 = 48*o - 179076. What is the thousands digit of o?
5
Let u = 27 + -25. Suppose -317 - 41 = u*c. What is the units digit of (-2)/(-12) + c/(-6)?
0
Let q = 4 - -3. Suppose q*w - 58 = -51. What is the units digit of (w - -1) + -5 + 133?
0
Suppose -2*k + 844 = -2*w, w + 2*k + 22 + 409 = 0. Let g = w + 1614. What is the thousands digit of g?
1
Suppose 17*i - 5*i - 5604 = 0. Let g = i - -348. What is the tens digit of g?
1
Let s(p) = -p**3 - 4*p**2 - 15*p - 159. Let v be s(-6). Let j = -10 + 15. Suppose v*n + 33 = 3*k, -j*n - 2 = 18. What is the units digit of k?
7
Let n = -7885 - -15558. What is the hundreds digit of n?
6
Suppose 1419*q - 1397*q - 1598784 = 0. What is the ten thousands digit of q?
7
Suppose -173472 = -5*r - w, -138772 = -10*r + 6*r + 2*w. What is the ten thousands digit of r?
3
Let h = 985 + 2390. What is the thousands digit of h?
3
Suppose 4*c - 2*f - 20499 = 3*f, -c = 2*f - 5141. What is the thousands digit of c?
5
Suppose 0*h - 1728 = -3*h + 3*f, -4*f = 2*h - 1140. What is the tens digit of (96/(-42))/((-12)/h)*6?
5
Let j(g) = -167*g - 598. What is the thousands digit of j(-44)?
6
Let x = 8621 - -30554. What is the thousands digit of x?
9
Let c = 72 + -70. Let t(u) = 3 + 68*u**3 - 2 - 761*u**2 + u + 760*u**c. What is the units digit of t(1)?
9
Let v(j) = j**2 - 13*j + 13. Let y be v(12). Suppose -2*m = 4*b - 4, 0 = -5*b - 2*m - y + 6. What is the units digit of (0 - 0)/1 + 118*b?
8
Let k(g) = -2*g**2 - 8*g + 11. Suppose -28 = 7*v - 3*v. Let n be k(v). Let a = 41 - n. What is the tens digit of a?
7
Suppose 2*y - 3*l = 4*y - 939, 3*y = 4*l + 1366. Let a = y + -313. What is the tens digit of a?
4
Let t be 3 - (1 - -3) - 16. Let s(d) = d**2 + d + 7. Let a be s(t). Suppose 83 = h + 2*x, 3*h + 2*x + 30 = a. What is the tens digit of h?
8
Let q = 46 + -9. Suppose -34*m = -q*m + 444. What is the tens digit of m?
4
Let w(d) = -131*d + 13. Let j be w(1). Let v = j - -230. What is the hundreds digit of v?
1
Let n = 36929 + 4286. What is the units digit of n?
5
Let l(s) = -s**3 + 19*s**2 - 50*s + 189. What is the ten thousands digit of l(-26)?
3
Let g be (6/(-8))/(6/(-16)). Suppose t = -5*p + 185 + 177, -3*p - 711 = -g*t. What is the units digit of t?
7
Let v = -186 + 633. What is the units digit of v + 0 + 5 + -2?
0
Let t = -1 - -2. Let s(v) be the second derivative of 11*v**5/20 - v**4/12 + 5254*v. What is the tens digit of s(t)?
1
Let j(a) = 21*a**2 - 2*a - 13. Let d(i) = i**2 + 4*i - 25. Let c be d(-7). Let p be j(c). Let k = p + -204. What is the hundreds digit of k?
1
Let a = 7 + -1. Let v be a/(-4) - (-21)/6. Suppose 3*g + v*d = 41, 0*g - 45 = -3*g - 3*d. What is the units digit of g?
1
Suppose 8365 = 21*n - 53018. What is the thousands digit of n?
2
Let i(n) = 18*n + 33. Let t be i(8). Suppose -5*h = 2*d + 99, -6*d + 2*h = -3*d + t. Let y = -28 - d. What is the units digit of y?
9
Suppose 2*f - 23 = -3*d, -4*d - 7*f + 24 = -6*f. Let w be d - (1 + (2 - 2)). Suppose 760 = m + w*m. What is the units digit of m?
2
Let a(q) = 43*q**3 - 6*q**2 - q. Let b be a(2). Suppose k + b = 3*c, -2*k + 50 - 684 = -5*c. Let r = k - -453. What is the hundreds digit of r?
1
Suppose -219*v + 176889 = -602156 - 919519. What is the tens digit of v?
5
Let x(f) = 49*f + 81. Suppose 4*a - 4*q - 60 = 0, -2*q - 6 = -a + 10. What is the hundreds digit of x(a)?
7
Suppose -18*v + 134920 + 4616 = 0. What is the hundreds digit of v?
7
Suppose 5 = -0*i - 5*i. Let l be (-12)/(i - 5) + 1*-4. What is the tens digit of (15/l)/((-95)/30 - -3)?
4
Let c = 5 - -2. Suppose 0 = 2*o - 0*o + b - c, 4*o + 4 = 4*b. Suppose j - 158 = -o*t - j, -2*j = -5*t + 402. What is the tens digit of t?
8
Let v be 1/((-2)/(-2))*(0 + 12). Suppose 0 = -2*t - v + 44. What is the tens digit of t/(-28) - (-5)/(35/144)?
2
Let g = -78 + 96. Let b(q) = 80*q + 128. What is the tens digit of b(g)?
6
Let h = 15452 - 7775. What is the tens digit of h?
7
Let b = 50 - 289. Let i = b + 386. What is the tens digit of i?
4
Suppose 27*g - 45*g = -3474. Let k = 325 - g. What is the tens digit of k?
3
Let n = -1341 + 2239. Suppose -12*t = -13858 + n. What is the units digit of t?
0
Let g be 45/(-105) - (124/14)/(-2). Suppose g*h = -550 + 1390. What is the tens digit of h?
1
Let i(s) = 6*s + 24. Let u be i(-4). Let g = -30 + 38. Suppose -6*x + g*x - 44 = u. What is the tens digit of x?
2
Let x(w) = 5*w**2 + w + 70. Let z(d) = -4*d**2 - 3*d - 70. Let b(n) = -2*x(n) - 3*z(n). What is the tens digit of b(-13)?
1
Let p = -1096 + 663. Let k be p/(-4)*((6 - 8) + 6). Suppose -3*h + k = 37. What is the units digit of h?
2
Let k(w) = -24 + 40*w - 20 + 59 + 97. What is the tens digit of k(6)?
5
Let w(l) = 3*l + 23. Let y be w(-8). Let n be (((y + 1)/(-4))/(-3))/2. Suppose -2*z = 4*b - 472, -4*b - z + n*z + 468 = 0. What is the tens digit of b?
1
Let p = 22385 - 14872. What is the tens digit of p?
1
Let f be -1*(-333 + (-1 - 1)). Let n = 517 - 709. Let a = n + f. What is the hundreds digit of a?
1
Suppose -10203 = -w + 3*m, -w + 10173 = 40*m - 38*m. What is the hundreds digit of w?
1
Let g = -260 + 261. Suppose -2*d - 5*f + 661 = 0, -g - 5 = -2*f. What is the tens digit of d?
2
Let l(t) = -3*t - 41. Let d be (5 - 230/15)*3. What is the units digit of l(d)?
2
What is the hundreds digit of -39222*6/(-48)*12/9?
5
Suppose 0 = -j - 0 - 2. Let a be 6 + j + 133/1. Let w = -55 + a. What is the units digit of w?
2
Let c be 6*(-1 + 2 + 0). Let l be 4/c*-1*(-33)/1. Suppose -l*u = -21*u - 101. What is the tens digit of u?
0
Let g = -1133 - -3172. Let a = -880 + g. What is the thousands digit of a?
1
Let f be (45 - 5/(-5)) + (2 - -3). What is the hundreds digit of (-4)/(-34) - (-20751)/f?
4
Let m be -6*-2*4/6. Let d be m + 0 + -1*(-1 - -2). Suppose d*s - 3*s = 3*p + 59, s + 3*p - 11 = 0. What is the units digit of s?
4
Suppose -5*y + 108 = -2*b, -216 = 4*b + 3*y - 0*y. Let m be (1*b/(-15))/((-5)/(-25)). What is the units digit of ((-3)/m)/(1/(-51))*12?
2
Let z(x) = -35*x + 1412. What is the hundreds digit of z(21)?
6
Suppose -5*s - 54961 = -8*s + 2*a, 0 = s + a - 18307. What is the thousands digit of s?
8
Let r(x) be the first derivative of x**4/2 - 7*x**3/3 - 49. What is the tens digit of r(5)?
7
What is the units digit of (-1233)/9042 + 2104130/44?
1
Let j = 297 - 248. Suppose j*o + 5910 = 54*o. What is the units digit of o?
2
Let p = 7688 + -4541. What is the thousands digit of p?
3
Let t(k) = 12*k - 3. Let o(n) = n**2 - 7*n + 2. Let q be o(8). Suppose -3*z - 40 = g - 5*g, 2*g - q = -z. What is the tens digit of t(g)?
8
What is the tens digit of (46/92)/(2/28) - -55777?
8
Let y be (11305/(-17))/(-1 - (1 - 1)). Suppose -4*i - u = -y, -497 = -3*i - 3*u + 4*u. Let p = -61 + i. What is the tens digit of p?
0
Suppose -15*z = -53 + 8. Let m(w) be the second derivative of -w**5/20 + w**4/4 + w**3/3 - w**2/2 + w. What is the units digit of m(z)?
5
Let x be (3/4 - 1)*-8. Let i(d) be the first derivative of 7*d**4/2 - 2*d**3/3 - 2*d + 4. What is the hundreds digit of i(x)?
1
Let a = 206495 + -147319. What is the thousands digit of a?
9
Suppose 68729 = -12*o + 228425. What is the units digit of o?
8
Let t(h) = 28*h - 6. Let w be t(4). Let m be 146/4*(4 + -6). Let d = m + w. What is the tens digit of d?
3
Suppose -z + 23 - 227 = -2*o, 4*z + o + 807 = 0. Let r = z - -593. What is the hundreds digit of r?
3
What is the thousands digit of (-2530)/(-8)*(2 + -8 + 146)?
4
Suppose -3*f + 5*j + 39734 = 10*j, 0 = -4*f - 2*j + 52988. What is the ten thousands digit of f?
1
What is the thousands digit of 2/((64/(-30496))/(-1*13))?
2
Let v = -8345 + 23924. What is the tens digit of v?
7
Let a be (772/(-8))/(4/(-88)). Suppose -2*t + 2*j + 3*j + 2131 = 0, 2*t + 3*j - a = 0. What is the thousands digit of t?
1
Let l = 37287 + -30655. What is the hundreds digit of l?
6
Let a(k) = 4*k + 14. Let y be a(4). Let w = -25 + y. Suppose 0 = 3*x + j - 140, -w*j = 4*x + 67 - 272. What is the tens digit of x?
4
Let m(x) = 2*x**3 - 18*x**2 + 15*x + 13. Let l be m(8). Suppose -3*z + l*o + 391 = 0, -82*z = -77*z - 3*o - 673. What is the hundreds digit of z?
1
Let h(v) be the second derivative of -4*v**3/3 - 8*v**2 - 6*v + 2. Suppose o + 2 = -2*x - 30, x = -